{"id":448,"date":"2015-04-17T15:01:20","date_gmt":"2015-04-17T13:01:20","guid":{"rendered":"http:\/\/jenniges-paletten.de\/paletten-einwegpaletten-recycling-reparaturen-eifel\/?page_id=448"},"modified":"2015-07-04T14:52:01","modified_gmt":"2015-07-04T12:52:01","slug":"paletten-entsorgung","status":"publish","type":"page","link":"https:\/\/jenniges-paletten.de\/paletten-einwegpaletten-recycling-reparaturen-eifel\/paletten\/paletten-entsorgung\/","title":{"rendered":"Paletten-Entsorgung"},"content":{"rendered":"<p align=\"LEFT\"><div aria-live=\"polite\" id=\"soliloquy-container-968_1\" class=\"soliloquy-container soliloquy-transition-fade  soliloquy-theme-base\" style=\"max-width:1170px;max-height:500px;\"><ul id=\"soliloquy-968_1\" class=\"soliloquy-slider soliloquy-slides soliloquy-wrap soliloquy-clear\"><li aria-hidden=\"true\" class=\"soliloquy-item soliloquy-item-1 soliloquy-image-slide\" draggable=\"false\" style=\"list-style:none\"><img decoding=\"async\" id=\"soliloquy-image-970\" class=\"soliloquy-image soliloquy-image-1\" src=\"https:\/\/jenniges-paletten.de\/paletten-einwegpaletten-recycling-reparaturen-eifel\/wp-content\/uploads\/2015\/04\/1-DSC073492-1170x500_c.jpg\" alt=\"SONY DSC\" \/><div class=\"soliloquy-caption\"><div class=\"soliloquy-caption-inside\">SONY DSC<\/div><\/div><\/li><li aria-hidden=\"true\" class=\"soliloquy-item soliloquy-item-2 soliloquy-image-slide\" draggable=\"false\" style=\"list-style:none\"><img decoding=\"async\" id=\"soliloquy-image-971\" class=\"soliloquy-image soliloquy-image-2\" src=\"https:\/\/jenniges-paletten.de\/paletten-einwegpaletten-recycling-reparaturen-eifel\/wp-content\/uploads\/2015\/04\/1-DSC013372-1170x500_c.jpg\" alt=\"1-DSC01337\" \/><\/li><li aria-hidden=\"true\" class=\"soliloquy-item soliloquy-item-3 soliloquy-image-slide\" draggable=\"false\" style=\"list-style:none\"><img decoding=\"async\" id=\"soliloquy-image-975\" class=\"soliloquy-image soliloquy-image-3\" src=\"https:\/\/jenniges-paletten.de\/paletten-einwegpaletten-recycling-reparaturen-eifel\/wp-content\/uploads\/2015\/04\/1-DSC072021-1170x500_c.jpg\" alt=\"SONY DSC\" \/><div class=\"soliloquy-caption\"><div class=\"soliloquy-caption-inside\">SONY DSC<\/div><\/div><\/li><li aria-hidden=\"true\" class=\"soliloquy-item soliloquy-item-4 soliloquy-image-slide\" draggable=\"false\" style=\"list-style:none\"><img decoding=\"async\" id=\"soliloquy-image-990\" class=\"soliloquy-image soliloquy-image-4\" src=\"https:\/\/jenniges-paletten.de\/paletten-einwegpaletten-recycling-reparaturen-eifel\/wp-content\/uploads\/2015\/04\/1-DSC07348-1170x500_c.jpg\" alt=\"SONY DSC\" \/><div class=\"soliloquy-caption\"><div class=\"soliloquy-caption-inside\">SONY DSC<\/div><\/div><\/li><li aria-hidden=\"true\" class=\"soliloquy-item soliloquy-item-5 soliloquy-image-slide\" draggable=\"false\" style=\"list-style:none\"><img decoding=\"async\" id=\"soliloquy-image-991\" class=\"soliloquy-image soliloquy-image-5\" src=\"https:\/\/jenniges-paletten.de\/paletten-einwegpaletten-recycling-reparaturen-eifel\/wp-content\/uploads\/2015\/04\/1-DSC07405-1170x500_c.jpg\" alt=\"1-DSC07405\" \/><\/li><li aria-hidden=\"true\" class=\"soliloquy-item soliloquy-item-6 soliloquy-image-slide\" draggable=\"false\" style=\"list-style:none\"><img decoding=\"async\" id=\"soliloquy-image-992\" class=\"soliloquy-image soliloquy-image-6\" src=\"https:\/\/jenniges-paletten.de\/paletten-einwegpaletten-recycling-reparaturen-eifel\/wp-content\/uploads\/2015\/04\/1-DSC016611-1170x500_c.jpg\" alt=\"1-DSC01661\" \/><\/li><\/ul><\/div><noscript><style type=\"text\/css\">#soliloquy-container-968_1{opacity:1}<\/style><\/noscript><\/p>\n<audio class=\"wp-audio-shortcode\" id=\"audio-448-1\" preload=\"auto\" style=\"width: 100%;\" controls=\"controls\"><source type=\"audio\/mpeg\" src=\"https:\/\/jenniges-paletten.de\/paletten-einwegpaletten-recycling-reparaturen-eifel\/wp-content\/uploads\/2015\/04\/Akkuschrauber-und-Flex.mp3?_=1\" \/><a href=\"https:\/\/jenniges-paletten.de\/paletten-einwegpaletten-recycling-reparaturen-eifel\/wp-content\/uploads\/2015\/04\/Akkuschrauber-und-Flex.mp3\">https:\/\/jenniges-paletten.de\/paletten-einwegpaletten-recycling-reparaturen-eifel\/wp-content\/uploads\/2015\/04\/Akkuschrauber-und-Flex.mp3<\/a><\/audio>\n<hr \/>\n<p align=\"LEFT\"><span style=\"color: #000000;\"><span style=\"font-family: Arial, sans-serif;\"><span style=\"font-size: medium;\">Wir k\u00fcmmern uns zuverl\u00e4ssig und umweltbewusst um die <strong>Palettenentsorgung<\/strong> in unserer Region.<br \/>\n<\/span><\/span><\/span><\/p>\n<p align=\"LEFT\"><span style=\"color: #000000;\"><span style=\"font-family: Arial, sans-serif;\"><span style=\"font-size: medium;\">Nicht mehr nutzbare Paletten werden fachgerecht entsorgt unter der Ber\u00fccksichtigung keine Rohstoffe zu verschwenden und m\u00f6glichst viel dem Recyclingkreislauf zuzuf\u00fchren.<\/span><\/span><\/span><\/p>\n","protected":false},"excerpt":{"rendered":"<p>Wir k\u00fcmmern uns zuverl\u00e4ssig und umweltbewusst um die Palettenentsorgung in unserer Region. Nicht mehr nutzbare Paletten werden fachgerecht entsorgt unter<\/p>\n<div class=\"read-button read_more_btn_text\"><a class=\"read_more\" href=\"https:\/\/jenniges-paletten.de\/paletten-einwegpaletten-recycling-reparaturen-eifel\/paletten\/paletten-entsorgung\/\">Read Now <i class=\"fas fa-caret-right\"><\/i><\/a><\/div>\n","protected":false},"author":4,"featured_media":0,"parent":401,"menu_order":0,"comment_status":"closed","ping_status":"closed","template":"template-fullwidth.php","meta":{"footnotes":""},"class_list":["post-448","page","type-page","status-publish","hentry"],"aioseo_notices":[],"_links":{"self":[{"href":"https:\/\/jenniges-paletten.de\/paletten-einwegpaletten-recycling-reparaturen-eifel\/wp-json\/wp\/v2\/pages\/448","targetHints":{"allow":["GET"]}}],"collection":[{"href":"https:\/\/jenniges-paletten.de\/paletten-einwegpaletten-recycling-reparaturen-eifel\/wp-json\/wp\/v2\/pages"}],"about":[{"href":"https:\/\/jenniges-paletten.de\/paletten-einwegpaletten-recycling-reparaturen-eifel\/wp-json\/wp\/v2\/types\/page"}],"author":[{"embeddable":true,"href":"https:\/\/jenniges-paletten.de\/paletten-einwegpaletten-recycling-reparaturen-eifel\/wp-json\/wp\/v2\/users\/4"}],"replies":[{"embeddable":true,"href":"https:\/\/jenniges-paletten.de\/paletten-einwegpaletten-recycling-reparaturen-eifel\/wp-json\/wp\/v2\/comments?post=448"}],"version-history":[{"count":22,"href":"https:\/\/jenniges-paletten.de\/paletten-einwegpaletten-recycling-reparaturen-eifel\/wp-json\/wp\/v2\/pages\/448\/revisions"}],"predecessor-version":[{"id":1068,"href":"https:\/\/jenniges-paletten.de\/paletten-einwegpaletten-recycling-reparaturen-eifel\/wp-json\/wp\/v2\/pages\/448\/revisions\/1068"}],"up":[{"embeddable":true,"href":"https:\/\/jenniges-paletten.de\/paletten-einwegpaletten-recycling-reparaturen-eifel\/wp-json\/wp\/v2\/pages\/401"}],"wp:attachment":[{"href":"https:\/\/jenniges-paletten.de\/paletten-einwegpaletten-recycling-reparaturen-eifel\/wp-json\/wp\/v2\/media?parent=448"}],"curies":[{"name":"wp","href":"https:\/\/api.w.org\/{rel}","templated":true}]}}

<p align="LEFT"><div aria-live="polite" id="soliloquy-container-968_1" class="soliloquy-container soliloquy-transition-fade  soliloquy-theme-base" style="max-width:1170px;max-height:500px;"><ul id="soliloquy-968_1" class="soliloquy-slider soliloquy-slides soliloquy-wrap soliloquy-clear"><li aria-hidden="true" class="soliloquy-item soliloquy-item-1 soliloquy-image-slide" draggable="false" style="list-style:none"><img decoding="async" id="soliloquy-image-970" class="soliloquy-image soliloquy-image-1" src="https://jenniges-paletten.de/paletten-einwegpaletten-recycling-reparaturen-eifel/wp-content/uploads/2015/04/1-DSC073492-1170x500_c.jpg" alt="SONY DSC" /><div class="soliloquy-caption"><div class="soliloquy-caption-inside">SONY DSC</div></div></li><li aria-hidden="true" class="soliloquy-item soliloquy-item-2 soliloquy-image-slide" draggable="false" style="list-style:none"><img decoding="async" id="soliloquy-image-971" class="soliloquy-image soliloquy-image-2" src="https://jenniges-paletten.de/paletten-einwegpaletten-recycling-reparaturen-eifel/wp-content/uploads/2015/04/1-DSC013372-1170x500_c.jpg" alt="1-DSC01337" /></li><li aria-hidden="true" class="soliloquy-item soliloquy-item-3 soliloquy-image-slide" draggable="false" style="list-style:none"><img decoding="async" id="soliloquy-image-975" class="soliloquy-image soliloquy-image-3" src="https://jenniges-paletten.de/paletten-einwegpaletten-recycling-reparaturen-eifel/wp-content/uploads/2015/04/1-DSC072021-1170x500_c.jpg" alt="SONY DSC" /><div class="soliloquy-caption"><div class="soliloquy-caption-inside">SONY DSC</div></div></li><li aria-hidden="true" class="soliloquy-item soliloquy-item-4 soliloquy-image-slide" draggable="false" style="list-style:none"><img decoding="async" id="soliloquy-image-990" class="soliloquy-image soliloquy-image-4" src="https://jenniges-paletten.de/paletten-einwegpaletten-recycling-reparaturen-eifel/wp-content/uploads/2015/04/1-DSC07348-1170x500_c.jpg" alt="SONY DSC" /><div class="soliloquy-caption"><div class="soliloquy-caption-inside">SONY DSC</div></div></li><li aria-hidden="true" class="soliloquy-item soliloquy-item-5 soliloquy-image-slide" draggable="false" style="list-style:none"><img decoding="async" id="soliloquy-image-991" class="soliloquy-image soliloquy-image-5" src="https://jenniges-paletten.de/paletten-einwegpaletten-recycling-reparaturen-eifel/wp-content/uploads/2015/04/1-DSC07405-1170x500_c.jpg" alt="1-DSC07405" /></li><li aria-hidden="true" class="soliloquy-item soliloquy-item-6 soliloquy-image-slide" draggable="false" style="list-style:none"><img decoding="async" id="soliloquy-image-992" class="soliloquy-image soliloquy-image-6" src="https://jenniges-paletten.de/paletten-einwegpaletten-recycling-reparaturen-eifel/wp-content/uploads/2015/04/1-DSC016611-1170x500_c.jpg" alt="1-DSC01661" /></li></ul></div><noscript><style type="text/css">#soliloquy-container-968_1{opacity:1}</style></noscript></p>
<audio class="wp-audio-shortcode" id="audio-448-1" preload="auto" style="width: 100%;" controls="controls"><source type="audio/mpeg" src="https://jenniges-paletten.de/paletten-einwegpaletten-recycling-reparaturen-eifel/wp-content/uploads/2015/04/Akkuschrauber-und-Flex.mp3?_=1" /><a href="https://jenniges-paletten.de/paletten-einwegpaletten-recycling-reparaturen-eifel/wp-content/uploads/2015/04/Akkuschrauber-und-Flex.mp3">https://jenniges-paletten.de/paletten-einwegpaletten-recycling-reparaturen-eifel/wp-content/uploads/2015/04/Akkuschrauber-und-Flex.mp3</a></audio>
<hr />
<p align="LEFT"><span style="color: #000000;"><span style="font-family: Arial, sans-serif;"><span style="font-size: medium;">Wir kümmern uns zuverlässig und umweltbewusst um die <strong>Palettenentsorgung</strong> in unserer Region.<br />
</span></span></span></p>
<p align="LEFT"><span style="color: #000000;"><span style="font-family: Arial, sans-serif;"><span style="font-size: medium;">Nicht mehr nutzbare Paletten werden fachgerecht entsorgt unter der Berücksichtigung keine Rohstoffe zu verschwenden und möglichst viel dem Recyclingkreislauf zuzuführen.</span></span></span></p>

<p>Wir kümmern uns zuverlässig und umweltbewusst um die Palettenentsorgung in unserer Region. Nicht mehr nutzbare Paletten werden fachgerecht entsorgt unter</p>
<div class="read-button read_more_btn_text"><a class="read_more" href="https://jenniges-paletten.de/paletten-einwegpaletten-recycling-reparaturen-eifel/paletten/paletten-entsorgung/">Read Now <i class="fas fa-caret-right"></i></a></div>
